 q?
1
Let i(a) = a**3 - 16*a**2 - 10*a - 10. What is the tens digit of i(17)?
0
Let p be (-6)/(-3) + (0 - -1). Suppose -20 = -p*x + x. What is the units digit of x?
0
Let t(z) = z**3 + 7*z**2 + 5*z - 4. Let x be t(-6). Suppose 3*v - 33 = -3*b - 0*b, -x*v + 4 = -4*b. What is the units digit of v?
8
What is the units digit of (-117 + -3)/(9/(-6))?
0
Let h be ((-4)/2)/(-2)*-3. Let f be (h/3)/((-2)/2). What is the units digit of f/(1 - (-6)/(-9))?
3
Suppose -5*p + 15 = 0, 0*p - 2*p = 2*b - 176. What is the units digit of b?
5
Let z = -7 - -10. Suppose -q - z = -2*q. Suppose -q*h + 12 = -0*h. What is the units digit of h?
4
What is the tens digit of (15/(-20))/(1/(-68))?
5
Let h = 16 - 4. Let j = -9 + h. Suppose -5*f - 2*i = -21, -3*f + 6*f = j*i. What is the units digit of f?
3
Let a = -36 + 12. Suppose 3*x = z - 45, z = -x - z - 22. Let t = x - a. What is the units digit of t?
8
What is the units digit of 6/(-9)*(-1 + -68)?
6
Let i(h) = 3*h - 6. Let g be i(6). Suppose -5*j + g = -78. What is the tens digit of j?
1
Let s(c) = -c - 1. What is the units digit of s(-10)?
9
Let m(h) = 2*h**2 - 4*h + 4. Let s be m(2). Suppose -3*w + 294 = s*w. What is the tens digit of w?
4
Let o be ((-4)/(-6))/((-8)/(-12)). Suppose 0 = i - o + 3. What is the units digit of 2*9/(-4)*i?
9
Let c = 63 + -31. What is the tens digit of c?
3
Let y = 69 - 26. What is the units digit of y?
3
Let z be 1/4 - (-2)/(-8). Suppose -3*f - 2*f = -20, -5*n + 5*f - 50 = z. Let x = n + 7. What is the units digit of x?
1
Suppose 6*u - 54 = u + 4*v, 5*v - 48 = -2*u. Let q = u + 11. What is the tens digit of q?
2
What is the units digit of (2 + 0)/((-12)/(-120))?
0
Suppose -3*y + 29 + 154 = 0. What is the tens digit of y?
6
Let u = -19 + 53. Suppose 0 = -5*i + 6 + u. What is the units digit of i?
8
Suppose -2*m + 4 = 2*f - 3*m, 3*m + 12 = 0. Let k = f + 19. What is the units digit of k?
9
Let h(k) = 13*k + 1. Let f be h(1). Let s = f + -10. What is the units digit of 12*(6/s - 1)?
6
Let o(l) = -l**3 + 7*l**2 - 3*l + 4. What is the tens digit of o(6)?
2
What is the units digit of (-1 - -1)/(-1) - -30?
0
Let s = 52 - -2. What is the units digit of s?
4
Let r be 125/10 + 1/2. Suppose m = 4*w - r - 20, -w + 3*m + 11 = 0. What is the units digit of w?
8
Let v be (9 - 11)*2/(-2). Suppose -4*x - v*k = -110, k = -k + 2. What is the units digit of x?
7
Suppose 114 = -0*k - 3*k. What is the tens digit of 0 - 1/2*k?
1
Let t(y) = -6*y + 4. What is the tens digit of t(-5)?
3
Let o = 25 - 3. What is the units digit of o?
2
Let d(l) = 7 + 0 - 5*l - 1 + 2*l**2 - l**2. What is the tens digit of d(6)?
1
Let p = -24 + 52. Suppose p = 2*d - 16. What is the tens digit of d?
2
Suppose -2*x - 2*l + 228 = -0*x, -l = 5*x - 582. Let w = -76 + x. What is the tens digit of w?
4
Suppose -4*p - 5 = -9*p. What is the units digit of -1*((-22)/2)/p?
1
Let q = 164 - 84. What is the units digit of (-16)/10*q/(-4)?
2
Let z = -80 + 211. What is the tens digit of z?
3
Let h(k) be the first derivative of -k**4/4 + 4*k**3/3 + 3*k**2/2 + 3*k + 3. What is the tens digit of h(3)?
2
Suppose -f = 4*f, -5*b = 2*f - 105. What is the tens digit of b?
2
Suppose -t + 2*s + 8 + 6 = 0, 0 = -4*t + 4*s + 36. Suppose t*o - 14 = 2*o. What is the units digit of o?
7
Let q(w) = w**2 - 7*w + 5. Suppose 2*y + 2*y = 28. Let v be q(y). Suppose 0 = v*t + 18 - 68. What is the tens digit of t?
1
Let n(c) = 2*c + 10. Let w be n(10). Let o = -20 + w. What is the tens digit of o?
1
Let b(u) = -u**2 - 10*u - 12. Let q be b(-8). Suppose -5*t = -0*t - 10. Suppose -q*k + t*k + 8 = m, 15 = 3*m + 3*k. What is the units digit of m?
2
Let v = -10 + 16. Let u = v - 3. What is the units digit of 6*1 - (-2 + u)?
5
Let h(o) = 0*o + 2*o - 2*o + o**2 + 16. What is the units digit of h(0)?
6
Suppose -2*p + 1 = 3. Let k = 13 + p. What is the units digit of k?
2
Let d(h) = h**2 - 9*h + 10. Let f be d(7). What is the tens digit of (-2)/(-4) + (-38)/f?
1
Suppose 5*i + 40 = -5*f + 3*i, 5*f = -i - 40. What is the tens digit of (-4)/f + 93/6?
1
Let g be (2/(-4))/(2/(-16)). Let a(s) = -s + 7. Let y be a(-8). Suppose g = -v + y. What is the tens digit of v?
1
Let a(j) = -j - 6. Let n be a(-6). Let z(s) = s**2 - 1 + 6 - 2 - s + 2*s. What is the units digit of z(n)?
3
Let n(s) be the first derivative of 2 + 5*s - 2*s**2 - 4*s + 4*s**2 + 0*s. What is the units digit of n(3)?
3
Suppose 0*a + 3*a + 2*r = 67, 3*a = 3*r + 57. Let p = 33 - a. What is the tens digit of p?
1
Let u = 6 - 2. Suppose -3*y = -u*m + 91, 0 = -5*m + y - 0*y + 111. What is the units digit of m?
2
Let h = -105 - -197. What is the units digit of h?
2
Let i(m) = -m**3 + 5*m**2 - 3*m - 1. Let p be i(4). Suppose c - 32 = -p*c. What is the units digit of c?
8
Let x be (10/6)/((-2)/6). Let w = 8 + x. Let j(p) = -p**2 + 3*p + 2. What is the units digit of j(w)?
2
Suppose 0 = -4*o + 3 + 17. Suppose t = o*t - 12. What is the units digit of t?
3
Suppose 0*v + 24 = v. Let j = v + -4. Let s = j - 13. What is the units digit of s?
7
Let h = 41 - 28. What is the tens digit of h?
1
Suppose 0 = 4*q - 47 - 21. What is the tens digit of q?
1
Suppose 2*z + z = -4*i + 52, -4*i = 8. Let q = -10 + z. What is the tens digit of q?
1
Let a = 8 - 5. What is the units digit of a?
3
Suppose -110 = -5*h + 7*t - 2*t, -2*h = 3*t - 69. What is the units digit of h?
7
Let l = -55 + 85. Suppose 6 = 3*t - l. What is the units digit of t?
2
Let x(y) = -12*y**3 - 4*y**2 - 7*y - 13. What is the units digit of x(-3)?
6
Suppose -3*r + 113 = -2*z, -198 + 7 = -5*r + 4*z. What is the tens digit of r?
3
Let q = 1 - -6. Suppose q*c = 4*c - 4*b + 28, 16 = 4*b. Let p = 0 + c. What is the units digit of p?
4
Let h = -26 - -68. What is the tens digit of h?
4
What is the tens digit of 0 + 115 + 3 - (-1 + 1)?
1
Let h be 20/14*70/2. Let u = h + -19. What is the tens digit of u?
3
Let p(x) = -x**3 + 4*x**2 + 4*x + 7. Let s be p(5). Let b = 4 + s. What is the units digit of ((-12)/(-10))/(b/15)?
3
Let m = 9 - 6. Suppose -2*u + m*u = 39. Suppose o - 51 = -3*o + 3*n, -3*o + u = -3*n. What is the tens digit of o?
1
Let n = 9 + 16. What is the units digit of n?
5
Let w(y) = 15*y**2 + y - 1. Let a(b) = b**2 - 1. Let n(g) = -a(g) + w(g). Let l be n(1). Suppose -25 = -5*k + l. What is the units digit of k?
8
Let j(t) = t**2 + 2*t. Let k be j(-3). Let f = 10 - k. What is the units digit of f?
7
Let s(c) = 2*c**2 - c - 7. What is the tens digit of s(-4)?
2
What is the tens digit of 1135/7 + (-8)/56?
6
Let n be (-1 - -2)/((-1)/18). Let q be (-1)/((-2)/n) + 0. Let u = 19 + q. What is the units digit of u?
0
Suppose s - 2*s = -3, 4*m + 5*s = 35. Suppose -m*i + 0*q = -2*q - 11, 5*i = -2*q + 19. What is the units digit of i?
3
Suppose 3*h = 14 + 7. Let b(w) = -h*w - 16 + 9*w - 5*w. What is the tens digit of b(-11)?
1
What is the units digit of 4/((-24)/(-2))*(220 - 1)?
3
Let q be -3*2/(-2) - -61. What is the units digit of (q/24)/(1/15)?
0
What is the units digit of 154 - (-6)/9*6?
8
Suppose r - v = 2*v + 39, 140 = 5*r - 4*v. What is the units digit of r?
4
Let h = 21 - 19. Suppose h*q - 27 = 51. What is the tens digit of q?
3
Suppose 0 = -3*q + 12, 3*q = 3*b - 12 - 3. Let g(h) be the first derivative of h**2 - 2. What is the tens digit of g(b)?
1
Let x = 216 - 75. What is the hundreds digit of x?
1
Let q(v) = 18*v - 18. What is the units digit of q(7)?
8
Let t(r) = -r**2 - 10*r - 12. Let d be t(-8). Suppose -y = -d*y. Suppose -6 + y = -2*l. What is the units digit of l?
3
Suppose -3*m - 3*y - y = 0, -2*y = -3*m - 18. What is the units digit of -1 + 3*(-3 - m)?
2
Let i be (13 - (-3)/(-3)) + -1. Suppose -i = -5*r - 1. What is the units digit of r?
2
Suppose 3*o - 2*f = -f + 820, -3*o + 5*f + 812 = 0. What is the hundreds digit of o?
2
Let k = -242 - -474. What is the tens digit of k?
3
Let w be 18/(-3)*(1 + -3). Let v = 1 + w. What is the units digit of v?
3
Let j be (-2)/(-5) - (-140)/25. Let y = 1 + j. What is the units digit of y?
7
Let v be (1 + 0)/(1/(-13)). Let r be 24/60 - (-214)/(-10) - -2. Let l = v - r. What is the units digit of l?
6
Let p = -54 - -35. Let s = 28 + p. Suppose -h - 3*m + 2 = 0, -4*h + s*m + 42 = 4*m. What is the units digit of h?
8
What is the tens digit of ((-135)/6)/(5/(-10))?
4
Let f = -122 + 317. What is the hundreds digit of f?
1
Let x be 3 - ((0 